)).
-36
What is the value of (45 - 45) + (6 - (2 + -8)) + 67?
79
What is the value of 4 + 67 + -51 + -13?
7
Evaluate (-68 + 39 - -7) + 58.
36
Evaluate 0 - 0 - (-34 + -26 + 59).
1
What is 4255 - 4256 - (1 + -24)?
22
Calculate 6 + 33 + (28 + -34 - (-1 + 0)).
34
Evaluate 20 + -16 + 4 + 5 + -6 + (-20 - -3).
-10
What is -95 - (21 - (-55 - -253))?
82
What is the value of -8 - ((8 - 2) + -55) - (-8 + 3 + 6)?
40
(6 - 30) + 29 + -3 + 23
25
23 + -25 - (17 - (-3 - 1)) - (79 - 68)
-34
Evaluate -27 + (44 - (88 + -33)) + 55.
17
What is 11 + (25 - 14) - (-55 + 38)?
39
Calculate -15 + -2 - (1 + (132 - 125 - (0 - -3))).
-22
Calculate -120 - ((36 - 30) + -10 - 2).
-114
Calculate 2421 - 2362 - ((15 - (-3 + 4 + 1)) + 1).
45
What is the value of 32 + (17 + 10 - 107)?
-48
What is 56 - (-14 + 35) - 6?
29
What is the value of 8 - 75 - (-43 - -2)?
-26
65 + (16 - 0) + (-1355 - -1359)
85
What is the value of -5 - ((-181 - -180) + 0 + (-9 - -1) - 1)?
5
What is -13 + 1 - (59 + 95 + -106) - -8?
-52
93 - (-109 + 115 - -35)
52
What is -1 + -1 + 92 + 133 + -286?
-63
Evaluate 9 + (-27 - (1 - (-8 - -10))).
-17
Calculate -107 - -106 - 130 - (-43 - 2).
-86
(135 + -195 - (2 - (-2 - -4))) + -1 + 0
-61
What is the value of 0 - ((625 - 611) + 0 + (2 - 67))?
51
Evaluate (-104 - -69) + -40 + 2.
-73
What is -1293 - -1278 - (0 + (-6 - -1)) - 46?
-56
What is the value of -6 - (60 + -47 + -31)?
12
What is 28 + 44 + -26 + -49 - (-8 - 3)?
8
Evaluate 24 + (164 - 75) + -22.
91
What is (-1 + -3 - 2) + (-6 + 24 - 42) + 25?
-5
Evaluate -121 + 118 + 31 + -35.
-7
What is -2 + (-6 + -3 - (-7 - -6)) - -40?
30
What is (13 - -1) + (-687 - -629)?
-44
Evaluate -17 + -40 + 41 - -5.
-11
Calculate 1 + -4 + -8 + 6 - (-14 + 4) - -66.
71
What is the value of 14 + ((10 - (23 + (8 - 18))) + 6 - 94)?
-77
What is (-2 - 39 - -6) + 19 + (-11 - 7)?
-34
-69 - (-4 - (-9 + 74))
0
Evaluate -182 + -48 + 139 - -167.
76
Evaluate (-1 - (-3 + 6 + -2)) + -11 + -1 + 70.
56
-23 + 58 + -37 + 29
27
Evaluate -139 - (-329 + 194) - (-2 + 1 + -35).
32
Evaluate (-17 - 2) + -141 + 178 + -3.
15
Evaluate 56 - (16 - 55 - (-21 + 13)).
87
Calculate (1 - -4) + 21389 + -21435.
-41
-5 + -5 + 7 + (14 - 24 - 15 - -25)
-3
What is 52 + -44 + 92 + -27?
73
What is (0 + -2 - (5 + -4)) + (46 - 12 - 44)?
-13
-5 + 8 + (2 - (2 - 1) - (8 + 1))
-5
57 - (-14 + 1 + 180 + -169 - -16)
43
What is the value of -23 + -5 + 22 + (13 - 2) + -3 + 15?
17
What is the value of 18 + -16 + 48 + (-10 - 1) + 1 + 5?
45
Calculate -26 + 150 - 43 - 48.
33
What is (-3 - 81) + 7 + (26 - 35 - -17)?
-69
What is the value of (-17 - -2) + 6 + (-148 - -179 - (0 + 9))?
13
What is the value of -1507 + 1450 + 53 + 3?
-1
What is the value of 8 + (-64 - (-179 - -123))?
0
88 - 89 - (14 + -14 + 21)
-22
What is 1 + -19 + (-3 - -24) + -23 + -81?
-101
What is -1 + -71 - (-9 + -83 - -71)?
-51
What is the value of (0 + 9 - (-34 - -14 - 19)) + -8?
40
Evaluate 17 + 153 - (154 - 73).
89
What is -24 - (20 + (28 + -68 - 5))?
1
(0 - 43) + 1 - ((-65 - 7) + 70)
-40
What is the value of (24 - 14) + (8 + -1 - (-6 - -13 - -60))?
-50
What is the value of (80 + 1 + -3 - -3) + -25 + 41 + -13?
84
What is 78 - ((29 - (3 - -4)) + -5 + -2)?
63
What is -2 + 10 + -8 + (-3 - 9 - -9) + 74?
71
-59 + 18 + -14 + 27
-28
What is 58 + -31 + 92 + -66?
53
What is the value of (-96 - -1) + (9789 - 9787)?
-93
What is the value of 40 + -49 + (-15 - 5)?
-29
(2 - (-4 - (-32 - -28 - (-10 + 1)))) + 7
18
Calculate -175 + (33 - -104 - 78).
-116
Evaluate 33 + (-12 - -4 - ((2 - 5) + -16)).
44
Calculate -13 - -2 - (-3 + (50 - 26 - 70)).
38
30 + (0 + 3 - 22) - 14
-3
What is 5 - (-36 - -49 - 10)?
2
What is -715 + 723 - (-2 - (2 - -16))?
28
What is (8 - 34 - (4 - -5 - 28)) + 79?
72
What is the value of (-36 - 11) + 46 - (-1 + 3 + 2)?
-5
28 + -74 + 8 - -27
-11
(-55 - (-3 - 0)) + (34 - (23 + 18)) + 3
-56
What is 0 + -39 - (906 + -1001)?
56
Calculate 15 + 21 + (2 + -3 + -12 - -1).
24
Calculate -11 - (19 - 46 - -15) - -8.
9
What is -31 + -10 - (70 + -114)?
3
Evaluate (-1 - (1 + -1) - -49) + -36 + 37 + -10.
39
What is the value of 1497 + -1504 - (-2 + (4 - 2) + -66)?
59
What is 107 + (-43 - (39 + -21))?
46
What is the value of 34 - 69 - (44 - 16) - -24?
-39
Calculate (-540 - -497 - (-1 - 28)) + (26 - 2).
10
What is -80 + (91 - 127) + 59?
-57
Calculate 219 - (199 + 17) - (54 + -1).
-50
Calculate 8 - (-4 - (22 - 43)).
-9
Evaluate 65 - (10 - (-4 - -22)).
73
-74 + -143 + 103 - -63
-51
Evaluate 10 - ((-33 - -20) + 8) - (92 + -2).
-75
Evaluate (-40 - (-14 - 181)) + -92.
63
(54 - (19 - 8)) + -26 + -64
-47
What is the value of -46 + (80 - (61 - 25))?
-2
Calculate (-13 + 9 - -13 - 6) + 11 + -26.
-12
What is the value of (1 + -2 - -2 - (103 - 106)) + (-3 - 53)?
-52
Calculate -129 - -141 - (-22 + (-7 - (-5 - 7))).
29
1 - 52 - (-10 - -9) - (-41 + 32 + 21)
-62
What is the value of -46 + 58 - 32 - 41 - (2 - 18)?
-45
What is the value of (49 - -68 - 121) + -44 + -1?
-49
What is the value of 37 - (-85 + -84 + 166)?
40
Evaluate (-11 - (-12 + 26)) + 9 - 7.
-23
Evaluate 28 + (-43 - (17 - 47)) - -29.
44
Calculate -23 - (-949 - -964 - (-1 - -14)).
-25
What is the value of -17 - (26 + -21 + 4 + -19)?
-7
Evaluate (-23 - -3) + 4 - (-29 + -3).
16
What is -2 - (-2 - -1) - 4 - (-184 + (-84 - -253))?
10
Calculate -1 + -28 - (6479 + -6522).
14
What is the value of 0 + (-44 + 12 - -39) - (-44 + 0)?
51
What is 56 - (-7 + (11 - (-18 - -21))) - 0?
55
-66 + (16 - -39) + (29 - -3) + 2
23
What is the value of -77 - -60 - (-74 + 44)?
13
Calculate 10 + (-46 - (15 - 26)).
-25
What is 13 - (51 + (-28 - -5 - -11) + 11)?
-37
Calculate -23 + (-26 - (-9 - (-2 + -12))).
-54
What is the value of 21 + (82 - (85 + -108))?
126
4 + (-33 - -37) + 6 + -1 + -1
12
65 - (56 - 38 - -41)
6
Calculate -6 - (-13 - -12) - -5.
0
What is the value of (36 - 24) + 6 - (-1 - (-112 + 6))?
-87
Evaluate 25 + -11 - -37 - -17.
68
-1 + (-4 - 33 - 4) - (67 + 17 + -81)
-45
Calculate -8 - (54 + 9) - (0 - -10 - (47 + -34)).
-68
Evaluate (6 - (-2 + 5) - (19 + -21)) + 39.
44
What is the value of 7 - (-9 + 3 + (11 - (22 + -4 + -12)))?
8
What is the value of 1710 + -1619 + 0 + 11?
102
Evaluate -10 + 3 + (-1 - (11 - 14)) + 23.
18
Calculate -45 + (-33 - -89) + 21.
32
What is the value of (-1 - -22) + (-39 - 22 - -50) + 8?
18
4673 + -4613 + (-31 - 1)
28
Calculate 23 + -19 - ((4 - (-9 + 19 + -8)) + -23).
25
Evaluate -126 + (56 - -30) - -66.
26
What is the value of 10 + (39 - 39) + -10?
0
Calculate -11 + (3 - 1) - -2 - (-524 - -552).
-35
Calculate -5 + -4 + 1 - (-12 + 23 - 23).
4
Evaluate -4 - 38 - (77 + (-107 - -55)).
-67
What is 7 + -13 + 8 - 35 - 27?
-60
Evaluate -2 - (-6 - -100 - (-2 + -3 - (-11 + -3))).
-87
Evaluate 35 + (-7 - 18 - 12) - (0 - 50).
48
-32 + (7 - -2) + -17 + -9 + 17
-32
What is the value of 10446 - 10378 - (1 + 21)?
46
What is the value of (0 - -31) + (-52 + (21 - 33) - -70)?
37
-24 - (58 + -85 + 64)
-61
-65 - (-75 - (1 + 38))
49
What is the value of -15 - 0 - ((-42 - -16) + 28)?
-17
(-17 - (13 + -28) - -1) + 15
14
What is -73 - (-84 + 37 + 26)?
-52
-15 + -33 + 58 - (48 - -22)
-60
What is the value of -28 - -7 - -14 - (-43 - -13)?
23
-86 + (-18 + 45 - (4 - 8))
-55
Evaluate -15 - (3 - (-7 - -44) - -12).
7
What is the value of 2 + (1 - -1) - (-51 + (13 + 0 - -2))?
40
(-120 - (-40 + 28)) + 61
-47
What is -20 + 49 + 28 + (-2 + 0 + 2 - 8)?
49
What is the value of -3 - (-6 - -1) - (-12 + 0 + 38 - 62)?
38
What is the value of -46 + (-48 - -39 - (-3 + -5 - 5)) + -2?
-44
What is the value of 81 - ((-16 - -28 - 6) + 10)?
65
Calculate (21 - 22) + (9 - 20) + 64.
52
Evaluate (-11 - 81) + (-52 + 70 - (2 + 2)).
-78
Calculate (-126 - -203 - 11) + -10.
56
What is -32 + 53 + (7 - 22) - 26?
-20
Calculate -341 - (-109 - 11) - -137.
-84
What is (-4 - -5) + 10 + (-17 + 20 + -11 - -6)?
9
Evaluate -51 + (3 - (-30 - -21 - (0 - 1))) + 4.
-36
What is the value of (61 - 76 - (3 - -2)) + 18?
-2
What is the value of 20 - (-23 + (1 - 2) + 688 + -685)?
41
What is the value of -296 + 287 - (-60 - 8)?
59
-72 - (116 + -140 - 15)
-33
Evaluate -14 + -44 + (1 + -3 - 6) - -8.
-58
-3 - 1 - (57 + -63 + -29)
31
What is the value of (-4 - -4 - -74) + -152?
-78
-25 + ((4 - -155) + -17 - 16)
101
114 + 3 + 116 + -210 + 77
100
What is 110 + 0 + (-253 - 14) + 236?
79
-304 + 225 + (-9 - (-5 + -11))
-72
What is the value of 2 - (30 - (34 - -50))?
56
Calc